s ((-917161)/3)/(220/(-660)) prime?
False
Let f be 4293471/147 - 4/14. Suppose -41560 = -9*t + f. Is t a prime number?
False
Let m = 193 - 452. Let u = 174 - m. Suppose -1695 + u = -o. Is o a prime number?
False
Suppose -6442*q = -6444*q + 104066. Is q a prime number?
False
Let a = -772 - -1474. Let m = 3115 - a. Is m prime?
False
Let u(d) be the second derivative of 2*d**3/3 + 1369*d**2/2 - 53*d. Is u(0) a composite number?
True
Let o(u) = -5519*u + 154. Let z be o(-8). Suppose -118009 - z = -15*f. Is f a prime number?
False
Let a be -1 + 5/4 + 14/8. Suppose -a*n + 96440 + 24672 = 0. Suppose 21461 = -5*v + n. Is v a composite number?
True
Let o = 14975 + -29689. Is (-4 - -1) + o/(-7) + -4 prime?
False
Suppose 53010 = -11*w - 56814. Let l = 23605 + w. Is l a prime number?
False
Suppose -u + 20 = -5*t, -81*u + 5*t = -82*u - 10. Suppose -6297 = -5*z + 1223. Suppose -3*b - z = -4*w + 2*b, -u*w + 1863 = -2*b. Is w a composite number?
True
Suppose -3*n + 34 = 2*r, 5*n - 2*r = -13 + 59. Suppose -3*m = -y - n, 2*y = 6*m - 4*m. Suppose 149 = -4*j + y*j. Is j prime?
True
Let s be (-4)/(-1 - (-2)/4) - 4. Suppose -10*w + 91842 = -s*w. Is w composite?
False
Suppose -39*o = -48*o - 32013. Let p = 11616 + o. Is p a prime number?
True
Let d(w) = 15*w + 32. Let u be d(-2). Let t be 3/(-6)*(1 + -1). Suppose u*g = 2*i + 7190, 14374 = -t*g + 4*g - i. Is g a composite number?
False
Let h(v) = 1306*v + 25. Let y(f) = -1305*f - 25. Let k(n) = 4*h(n) + 3*y(n). Let m be k(-10). Is (-2)/7 + m/(-35) a composite number?
False
Suppose 0 = i - 4*f + 526 + 580, 0 = 3*f - 9. Let r = 8053 + i. Is r composite?
False
Let q = 24342 - 10615. Suppose q = 11*m - 4*m. Is m prime?
False
Let x be (7/(-4))/(1/(-4)). Suppose x*k = 5366 + 6471. Is k composite?
True
Suppose 11*j - 9*j - 517984 = i, -5*j + 4*i + 1294957 = 0. Suppose 11*r - j = -10*r. Is r prime?
False
Suppose 6252 = 4*j - 50228. Let q be j/4*(-4 + 5). Suppose 2*l - 4*k = q, -5*l = 3*k - 13687 + 4888. Is l a prime number?
False
Is 128/(-2368) - 3979389/(-37) a composite number?
True
Suppose -q + 214218 = -85*i + 86*i, -i - 5*q + 214246 = 0. Is i composite?
False
Let h = 6351 - -9608. Is h composite?
False
Let c be 108*(5*5/(-15) + 3). Suppose 9*d + 4*y = 13*d - c, -d - 4*y + 11 = 0. Is d a composite number?
False
Let g(u) = 435*u**3 - 3*u**2 - 37*u + 52. Is g(11) composite?
False
Let s(w) = 12877*w**3 - 10*w**2 + 6*w + 40. Is s(5) prime?
False
Let u be (3 + 2)*(-120)/75. Is (1 + -493)/(-1) - (-40)/u a composite number?
False
Let j = -61 + 64. Suppose -4*g + 0*u = -5*u - 1808, j*g + 3*u - 1329 = 0. Suppose 269 = 2*r - g. Is r composite?
True
Let j(k) be the first derivative of 9*k**2/2 - 10*k + 45. Is j(11) a composite number?
False
Let d = 504208 - 318779. Is d prime?
True
Let h = 92 - 89. Is h/(-3) + (-33084)/(-3) prime?
True
Suppose -2*x = -g + 17, x + g + 1 = -0*g. Let l(z) = -z**2 - 6*z. Let a be l(x). Suppose 5*v - 371 - 1274 = a. Is v a prime number?
False
Suppose 309*b = 306*b + 4*s + 6236349, 4*b = s + 8315119. Is b prime?
True
Let t = 514 - 520. Let u(v) = -14*v**3 + 9*v**2 - 7*v - 19. Is u(t) composite?
False
Let l = -63 - -68. Suppose l*x - 16263 = 4*d, 5*d + 13012 = 4*x + d. Is x prime?
True
Let q(l) = 8*l + 28. Let w be q(-6). Let h be (-128)/w - ((-12)/(-5))/(-4). Suppose 207 = 3*i + 4*s - h*s, 3*i + s - 199 = 0. Is i a prime number?
True
Let h be 13/(3/(-5) + (-18)/45). Let s(u) = -164*u + 3 - 15*u + 3 + 0. Is s(h) prime?
True
Suppose -6*y = -10*y + 8. Suppose -y*i + 36 = 2*i. Suppose 0 = -m + i*m - 2584. Is m a composite number?
True
Suppose 5*v - 2166076 = -2*m, 5*m + 1480172 + 685883 = 5*v. Is v prime?
False
Let s = -489350 - -688639. Is s prime?
True
Let k = 233676 - -96157. Is k composite?
True
Let q(j) = 48280*j**2 + 677*j - 2711. Is q(4) a prime number?
True
Let w(k) = -3*k**3 - 8*k**2 - 11*k - 9. Let v be w(-4). Let q = -92 + v. Is q/((-1)/2 - (-469)/934) prime?
False
Let u be -4 - (3 + 33)*-1. Let d = 31 - u. Is d/(-2 + 1226/614) a composite number?
False
Let b = 98 - 96. Let o(l) be the second derivative of 17*l**4/2 - l**3 + 13*l**2/2 + 6*l. Is o(b) a prime number?
True
Suppose 11*s + 3*s - 59250 = 44672. Is s composite?
True
Is (-2941601)/(-57) + 62/(-1767) a composite number?
False
Let r = 110083 + -71574. Is r composite?
True
Let w(t) = -206*t + 13. Let s(n) = n**2 - 14*n + 25. Let q be s(11). Let a be w(q). Suppose -k - a = -4*g, -3*k + 2*k = 2*g - 829. Is g a prime number?
False
Let z(n) = 2114*n**2 + 32*n - 529. Is z(9) composite?
True
Let s(o) = -99*o + 52. Is s(-9) prime?
False
Suppose 0 = 150*s + 51*s - 125070441. Is s a composite number?
False
Let y be -1 + 1 - 4*-3. Let d(s) = -284*s**2 - 7*s + 2922 - 2909 + 292*s**2. Is d(y) prime?
False
Let p be (4/6)/((-8)/24). Let d be (p/(-4))/(26/(-104)). Is (d + (-17574)/12)*(-2 - 0) prime?
False
Let b = -64 - -67. Suppose s = -4*a - 4, 0*a - b*a - 3 = -3*s. Is (-5 + -282)/(-1 - s) prime?
False
Suppose 25*h + 10404 = -2246. Let d = -229 - h. Is d a composite number?
False
Suppose r = -5*a - 10, 0*a = -a - 2*r + 7. Let x(y) = -208*y - 6. Let w be x(a). Suppose -4*h = -10*h + w. Is h a prime number?
True
Suppose w + 3 - 11 = 0. Let j be -3 + 36/w - (-66)/4. Suppose -14*o = -j*o + 4456. Is o composite?
True
Let z be -2 + (-21)/(-12) - (32337417/68)/(-21). Let f = 15625 + -7114. Suppose 4*a - z - f = 0. Is a a prime number?
True
Let i(o) = 6*o - 8. Let g be i(1). Is 1162 + (-12)/(g - 2) prime?
False
Suppose 3*d = 9*d + 96. Let g(o) be the third derivative of -17*o**4/8 - 29*o**3/6 - 3*o**2. Is g(d) composite?
False
Let q = -301126 + 483093. Is q a prime number?
True
Suppose -3*v = -5*y + 1309, 4*v = 5*y - 0*y - 1312. Let z = y + -133. Is z a composite number?
False
Let f(q) be the second derivative of q**6/120 + 19*q**5/60 - q**4/8 - 8*q**3/3 + 15*q**2/2 - 39*q. Let m(g) be the first derivative of f(g). Is m(-9) prime?
True
Let t(x) = -11*x**3 - 14*x**2 - 42*x + 27. Is t(-8) a prime number?
True
Let c be (18/(-4))/(42/28). Let j = 83 + -44. Is c + j + (-6)/(-2) a composite number?
True
Let i(n) = -14*n**3 - 125*n**2 - 66*n - 94. Is i(-41) composite?
False
Suppose -49*p + 4 = -45*p. Let l be p + ((-24)/(-4) - 2). Suppose 0 = 3*x + 6, -2*f + 6*f - 2598 = l*x. Is f a composite number?
False
Suppose 2*t - 1040 - 602 = 0. Suppose 4*f + t = 3961. Is f a composite number?
True
Let h be ((-22)/77)/(1/(-7)). Let l = 1 + 0. Is (h/l)/((-2)/(-382)) composite?
True
Suppose -394 = -3*l - 5*o, -805 = -5*l + 3*o - 103. Let c be (11 - 8) + (-1 - -1). Is (4/8)/(c/l) a composite number?
False
Suppose -u - 4940 = 6385. Let s be u/3*(-10)/25. Suppose s = -4*z + 5090. Is z a prime number?
False
Suppose 0 = -4*h + 5*v + 225, 2*h - 294 = -3*h + 2*v. Is (h/40)/((-1)/(-382)) a composite number?
True
Is 108954 - (-1)/(-7)*-161 a prime number?
False
Let u(f) = 9*f - 3. Let x(i) = i - 4. Let s(g) = -7*g + 23. Let w(h) = 6*s(h) + 34*x(h). Let a(t) = -3*u(t) - 2*w(t). Is a(-10) composite?
True
Let b(t) = -t**3 - 3*t**2 + 13. Let a be b(-3). Suppose a*o - 18207 = 11576. Is o composite?
True
Suppose 0*s = 5*o - 3*s + 58, 0 = -5*o - 3*s - 52. Is (6 - 1 - 882)*o a composite number?
True
Let a be ((-20)/(-40))/((-2)/(-24)). Suppose -a*t + 7904 = -8542. Is t prime?
True
Let p = -9 + 7. Is 2*(1287 + -4)*(-5)/p prime?
False
Let x = 588746 + 309045. Is x a prime number?
False
Let o = -4532 - -2394. Let a = o - -5409. Is a composite?
False
Suppose 12*w - 55 = w. Suppose 2*m - 13670 - 35349 = -w*d, -4*m + 98065 = d. Is m composite?
False
Let y(x) = 2638*x - 759. Is y(28) a prime number?
False
Let a(z) = -2*z**2 - 45*z + 17. Let d be a(-23). Let g(c) = -19*c + 29. Is g(d) a composite number?
True
Suppose -5*h = -17*h - 48. Is (-1144)/(-6) + 3/(-36)*h composite?
False
Is (-20294209)/(-13) - 216/9 prime?
True
Is (-1)/4 + (-230282)/(-136) prime?
True
Suppose 0 = -2*m - 3*t - 87, 0 = -m + 2*t - 22 - 32. Let q = m + 214. Suppose 117 = r - w - 43, -r = w - q. Is r composite?
False
Suppose 308 = -31*x - 188. Let n(t) be the second derivative of t**5/20 + 19*t**4/12 - 2*t**3/3 + 3*t**2 + t. Is n(x) composite?
True
Let z(q) be the first derivative of -32*q - 15/2*q**2 - 12. Is z(-13) a prime number?
True
Suppose 0 = -5*l - 5*t + 274095, 48440 = 2*l - 4*t - 61150. Is l composite?
True
Is (6*(64/(-